013*k**2 + 30*k - 121. Is q(4) a prime number?
False
Suppose -4*q = -3*k + 691, 4*k + 3*q - q = 914. Let p = -453 + k. Let x = 373 + p. Is x a prime number?
True
Let g be (14 - 2) + (-8)/((-72)/(-45)). Let w be -1 + 7/(28/32). Suppose w*l + g*l - 43106 = 0. Is l a prime number?
True
Let x be (((-40)/(-6))/1)/((-10)/(-1380)). Let b(g) = -6*g**3 - 3*g**2 - 3*g - 4. Let q be b(3). Let h = x + q. Is h composite?
True
Let l(g) = -2*g + 18*g**2 - 4*g**2 + 709 - 8*g**2. Is l(0) a composite number?
False
Is (5 - 2)*(-101629)/(-33) composite?
False
Let y = 16448 - -170441. Is y a prime number?
True
Suppose x - 794177 = 754*f - 752*f, 0 = 4*x - 2*f - 3176696. Is x a prime number?
True
Let h be ((-1603536)/(-33))/(-1 + (3 - 0)). Let f = -17323 + h. Is f a composite number?
True
Let r(w) = 2592*w**2 + 165*w - 2221. Is r(18) a prime number?
True
Suppose 4037*a - 18 = 4039*a, -4*p = 2*a - 6967506. Is p a composite number?
True
Suppose -10*j = -2*y - 7*j + 158969, -3*j = -9. Is y prime?
False
Suppose -2*g + 5*r + 31 = 0, 5*r - 37 = -5*g + 4*r. Suppose 2*q + g = 4*q. Is (q - 2)/(2/1541 + 0) composite?
True
Is ((-7)/3)/((-2645742)/(-188982) - 14) composite?
True
Let o(m) = -4*m**3 + 41*m - 9. Let w be o(-8). Suppose -5*v + r - 5*r + 8549 = 0, v - w = -2*r. Is v prime?
True
Suppose 335 = 7*t + 342. Is 1 + 8/t + 35736 a composite number?
False
Suppose -1 = 2*n + 5*w - 27, 11 = 5*n - w. Suppose -2*t - 4*k + 40 = 0, 5*t - n*t - 4*k - 24 = 0. Is (854 - 1)/(t/80) composite?
True
Let x = 188385 - 109438. Is x a composite number?
True
Suppose -4*k = 5*c - 646259, -323131 = -3302*k + 3300*k - 3*c. Is k composite?
False
Is (-138134520)/(-459) + (-3)/27*-3 prime?
False
Let p(r) = r**3 - 8*r**2 + 12*r - 5. Suppose 0 = -0*n - 3*n + 3, 5*b - n = 24. Let w be p(b). Is ((-12)/15)/((-8)/w) - -1565 prime?
False
Is (11/(17 - 6))/(0 - 1/(-90371)) composite?
False
Suppose 3*z = 5*q - 6, -5*z = 4*q + q + 50. Is (-3643)/z - (-36)/63 composite?
False
Let y(l) = 20*l**3 - 9*l**2 - l + 1. Suppose 315*x - 316*x + 6 = 0. Is y(x) prime?
False
Let x(c) = 3*c - 1. Let t be x(1). Let u = -2300 - -2925. Suppose 0 = 5*a + n - 4756, -t*n + u = 4*a - 3181. Is a prime?
False
Let l(j) = -9*j - 28. Let a(f) = -f**3 - f**2 + f - 21. Let x = 6 + -6. Let g be a(x). Is l(g) a prime number?
False
Let t(a) = 92*a**2 - 32*a + 893. Is t(-44) a composite number?
False
Let z(g) = -9405*g - 1204. Is z(-19) prime?
False
Suppose 2*l = 3*l + 3*k - 18679, 2*k = 5*l - 93497. Is l prime?
False
Let l(h) = -17*h**3 + 23*h**2 - 22*h + 20. Let v be l(9). Let s = -7457 - v. Is s prime?
True
Let u(f) be the second derivative of 5/2*f**2 - 11/3*f**3 + 0 - 2*f. Is u(-2) composite?
True
Suppose 7*u - 1974 = 2079. Suppose -3*y + u = -4*y. Let b = y - -970. Is b composite?
True
Let m(t) = 2*t**3 + 18*t + 77. Let q be m(-15). Let j = q + 13916. Is j composite?
True
Suppose b + 551*g - 299451 = 547*g, 598902 = 2*b - 2*g. Is b prime?
False
Suppose -652*i + 651*i - 5*m + 425940 = 0, -3*i = 3*m - 1277880. Is i prime?
False
Let z(r) = r**3 - 24*r + 26. Let i(w) = -w. Let v(t) = -3*i(t) + z(t). Is v(24) prime?
False
Is (-1369959)/(-15) - (6/(-15) + 0) prime?
True
Suppose -131*h - 1757434 = 217*h - 6562270. Is h a composite number?
False
Let z be (-10)/(((-20)/(-330))/(1/(-3))). Suppose u + 2 = z. Is u prime?
True
Suppose -2253 + 11373 = 5*t. Let h(q) = q**2 + 4*q - 2. Let s be h(-5). Suppose t = s*m + 3*j, -5*m - 4*j + 3045 = -0*m. Is m a prime number?
True
Is (-40 - -44)*(-1112572)/(-16) prime?
True
Suppose -23*b = -22*b - 128961. Is b/12 + ((-18)/6)/(-12) a prime number?
False
Suppose 39*q - 18*q - 775656 = 0. Suppose -36*f + 46205 = -31*f - 2*y, -4*f - 4*y = -q. Is f prime?
True
Suppose -5*i + 592 = 2*z, 0*i - 5*z + 340 = 3*i. Suppose -6*s - i = -s. Is ((-1544)/s)/((-2)/(-12)) a prime number?
False
Let m be (-2 - (-24)/3)/2. Suppose 0 = a - 4*f - 2198, -5*a - m*f + 5*f + 10900 = 0. Suppose -6*j + 3*j + 5*t + 3251 = 0, -2*j - 2*t = -a. Is j prime?
True
Suppose 6 = -3*x + 18. Suppose -3*u + 7*u - 12 = 0. Suppose -x*q + u*r = -661, -4*q + 60 = -5*r - 591. Is q a composite number?
True
Let r(k) = -455*k**3 + 11*k**2 - 197*k - 1810. Is r(-9) prime?
False
Is (-12)/(-9)*-251437*(-318)/424 prime?
True
Let i(d) = d**3 - 5*d**2 - 2*d + 4. Let t = -14 - -19. Let m be i(t). Let c(o) = 3*o**2 - 2*o - 9. Is c(m) prime?
False
Let v = 4796965 + -3213282. Is v prime?
False
Let d be 0*(-2)/8*-2. Suppose -2*u + 5*i + 17 = d, 3*u + 3*i = -u - 5. Suppose 96 + u = p. Is p prime?
True
Suppose 19*f - 3782 = 34028. Let r be ((-15)/(-2))/((-4)/(-216)). Let j = f - r. Is j composite?
True
Suppose -3*w - t + 120097 = 0, 0 = -4*w + 5*t - 6022 + 166126. Is w a composite number?
False
Suppose -5*b + 3*i = -780873, -b + 40*i = 39*i - 156177. Is b a composite number?
True
Let v = 8578 - 3659. Suppose 38104 = 5*o + v. Is o a composite number?
False
Let s(u) = 106*u + 58. Let f be 237/4 + 30/40. Suppose -15*w + 25*w = f. Is s(w) prime?
False
Is ((21716718/12)/(-17))/(5/(-10)) a prime number?
True
Let x = -33705 + 61088. Is x a composite number?
True
Let u(m) be the second derivative of 12*m**4 - m**3/3 - m**2/2 - 2*m. Let g(i) = i**2 + 6*i - 41. Let x be g(4). Is u(x) composite?
True
Let n be 6*631 + -3 + 4. Suppose 5*f - 18785 = 2*x + 3*x, 5*x = -f + n. Let p = f + -2389. Is p prime?
True
Let s be ((-490)/(-28))/((-9)/(-234)). Suppose -h - h + 256 = 4*z, -5*z - 499 = -4*h. Let o = s + h. Is o a prime number?
False
Suppose 3*d - 5*k - 21656 = 0, 4*d - 4420 - 24446 = -2*k. Is d a prime number?
False
Let s(j) = 13186*j**2 + 45*j - 301. Is s(6) composite?
True
Let h(k) = 812*k**2 + 3*k + 9. Let q(x) = -2*x**2 - 25*x - 14. Let s be q(-12). Is h(s) a prime number?
True
Let y = -599304 - -850223. Is y prime?
True
Let b(g) = -68*g**3 + 31*g**2 + 186*g + 160. Is b(-13) composite?
False
Suppose 9*m - 168178 = 211973. Is m prime?
True
Let j(b) = -b**2 - 12*b - 16. Let z be j(-10). Suppose -9*v + 5*d = -4*v - 14120, d - 11271 = -z*v. Is v a composite number?
False
Let j = 703459 + 180436. Is j a composite number?
True
Let u(a) = -a**3 - 5*a**2 + 2*a - 4. Let q be u(-6). Is q/(-70) - (-15362)/14 prime?
True
Let t(i) = 11*i + 4859. Is t(100) a prime number?
False
Let c be 140444/(-22) + (-9)/((-99)/(-2)). Let m be ((-16)/(-6))/(-4) + c/36. Is m/((-60)/(-33) + -2) a prime number?
False
Let r = -78749 + 137230. Is r prime?
True
Let n = -35 - -153. Let u be (35/(-10))/(1/n). Let i = 612 + u. Is i prime?
True
Let u = 4 + -3. Let b(q) be the third derivative of 89*q**6/60 - q**5/30 + q**4/8 - q**3/3 + 24*q**2. Is b(u) a composite number?
True
Let p(g) = -105*g - 124. Let w(s) = -106*s - 120. Let c(i) = 5*p(i) - 6*w(i). Is c(5) a composite number?
True
Let u = -61558 - -100101. Is u composite?
False
Suppose 48*j = 49*j - 13160. Suppose 0*g + 2658 = z + 5*g, 0 = 5*z - g - j. Is z composite?
False
Suppose -4*h - 17 + 73 = 4*l, 9 = 3*h. Let r(b) = 1092*b - 31. Is r(l) a prime number?
True
Suppose -60848 = -4*d - 4*y, 0 = 3*d + 11*y - 6*y - 45638. Suppose 2*a + t = 5*a - 22814, d = 2*a - t. Is a prime?
True
Suppose -103*r + 2452546 + 12517926 = -15*r. Is r a composite number?
True
Let y = 54892 - -138057. Is y prime?
True
Let y(o) be the third derivative of 37*o**4 + 23*o**3/6 + 103*o**2. Is y(11) prime?
True
Let f(l) = 9*l**3 - 111*l**2 + 37*l - 113. Is f(24) prime?
False
Suppose -5*y + 5 = 0, 215*i + 1472397 = 216*i + 2*y. Is i a prime number?
False
Let v = -7408 - -60075. Is v a prime number?
True
Let o = -122 + 125. Suppose r + v - 2715 = -v, -5*r + 13547 = o*v. Is r a composite number?
False
Let j(h) = 10394*h**2 - 5*h + 2. Suppose 4*p - 11 = -5*g + 2*p, 5*g - 14 = -3*p. Is j(g) composite?
False
Let j = 21741 + -9886. Is j a composite number?
True
Let z(d) = -4*d + 3*d + 23*d**2 - 20 + 3*d. Suppose -9*u - 126 = -81. Is z(u) a prime number?
False
Let i(d) = 911*d**2 - 112*d + 271. Is i(-22) a prime number?
True
Suppose 2*c = -2*p + 111054, -2*p - 5*c + 21424 = -89624. Is p a prime number?
True
Let a(p) = p**3 + 13*p**2 + 21*p - 68. Let d be a(-24). Is (4 + -4 + 4 - d) + -1 a composite number?
False
Suppose -2*h = -2*o - 2*o - 10634, 15971 = 3*h - o. Suppose 87*p - h = 72*p. Is p a composite number?
True
Suppose 4*u - 724467 = 5*d, -1267881 = -7*u + 7*d - 11*d. Is u a prime numb